 base 16, what is 1e - e8?
-ca
In base 10, what is 0 + -1447?
-1447
In base 5, what is -21 + 30314?
30243
In base 6, what is -10415 - -3?
-10412
In base 6, what is 143 - 2?
141
In base 3, what is 110212 - 10?
110202
In base 13, what is -5 - -2389?
2384
In base 5, what is -4 - 132?
-141
In base 4, what is -10 - 1001003?
-1001013
In base 2, what is -100 + 11110110101?
11110110001
In base 6, what is 5 - 5240?
-5231
In base 10, what is 17 + 113?
130
In base 7, what is 4 - -13421?
13425
In base 2, what is 101001 + -111?
100010
In base 5, what is 4 - -313?
322
In base 11, what is 2a + -9?
21
In base 4, what is -110 - 10?
-120
In base 6, what is -40 - -11?
-25
In base 9, what is 3 - 2650?
-2646
In base 12, what is 1807 + 2?
1809
In base 3, what is -1120201 + -101?
-1121002
In base 10, what is -318 - 6?
-324
In base 2, what is -110110 - -1010011?
11101
In base 9, what is -4 - -102?
87
In base 14, what is 70b + 1?
70c
In base 2, what is 101101010100 - 1?
101101010011
In base 14, what is -3 + 175?
172
In base 12, what is -5a + 16?
-44
In base 9, what is -2853 - -2?
-2851
In base 6, what is 0 - -203?
203
In base 8, what is 4 + -33?
-27
In base 11, what is -31a4 - 0?
-31a4
In base 2, what is -101 + -1010110?
-1011011
In base 13, what is -2138 - 1?
-2139
In base 3, what is -11 - 2122?
-2210
In base 16, what is 342 + 4?
346
In base 8, what is -443 - 4?
-447
In base 16, what is -c84 + d?
-c77
In base 6, what is 5 - 1100?
-1051
In base 10, what is 4004 - -2?
4006
In base 4, what is 11 + -30?
-13
In base 14, what is 8b - 3?
88
In base 7, what is -15 + 30?
12
In base 10, what is -108 + -3?
-111
In base 2, what is 100010101 + -1?
100010100
In base 16, what is -1 + 0?
-1
In base 14, what is -36 + -13d?
-175
In base 15, what is 5 - 4a?
-45
In base 14, what is -5 - 1?
-6
In base 10, what is 28 + -5?
23
In base 11, what is -5 - -2a8?
2a3
In base 3, what is -12022 - -12?
-12010
In base 8, what is -1303 - -1?
-1302
In base 11, what is -6406 + -4?
-640a
In base 15, what is 30 - 1?
2e
In base 12, what is -54a + 1?
-549
In base 9, what is 6724 - 2?
6722
In base 8, what is 401 + 17?
420
In base 14, what is -609 + 0?
-609
In base 6, what is 4032 + 2?
4034
In base 3, what is -10 - 2212?
-2222
In base 6, what is 3 - 3?
0
In base 4, what is 1232 + 20?
1312
In base 9, what is 2 - 543?
-541
In base 11, what is a61 - 2?
a5a
In base 15, what is -137 - 7?
-13e
In base 5, what is -21 + -1044?
-1120
In base 8, what is -44 + 6?
-36
In base 4, what is 122 + 2002?
2130
In base 9, what is -12 - 533?
-545
In base 7, what is 204 + 45?
252
In base 3, what is 11 - -101100101?
101100112
In base 12, what is -b - 11?
-20
In base 3, what is 10 + 101121?
101201
In base 14, what is 1 - -29?
2a
In base 8, what is 16 - -5?
23
In base 2, what is 1000001 + -110?
111011
In base 13, what is 115 - -4?
119
In base 13, what is 944 - 2?
942
In base 9, what is 655 + 2?
657
In base 14, what is 3407 - -4?
340b
In base 8, what is 2 - 4?
-2
In base 12, what is 0 + b?
b
In base 12, what is -8ba - -5?
-8b5
In base 5, what is -22034 + 12?
-22022
In base 4, what is -1211012 + -3?
-1211021
In base 6, what is -5 + 2435?
2430
In base 5, what is -14 + -131?
-200
In base 16, what is -67d + 1?
-67c
In base 13, what is -4 + 16?
12
In base 2, what is 1100011110 + -1?
1100011101
In base 4, what is -20010 - -10?
-20000
In base 7, what is -3 + 101?
65
In base 15, what is b6 + -5?
b1
In base 2, what is -10111110 - -11?
-10111011
In base 13, what is 6b + -2?
69
In base 8, what is -151 + 1?
-150
In base 10, what is -2030 + 2?
-2028
In base 6, what is 3342 - 1?
3341
In base 4, what is -10 - 1100?
-1110
In base 15, what is -9 - -55?
4b
In base 16, what is 3 - 16?
-13
In base 16, what is -4 - c0?
-c4
In base 3, what is 10 + -122212?
-122202
In base 12, what is 295 + 2?
297
In base 3, what is 110 + -121?
-11
In base 11, what is 245 - -2?
247
In base 11, what is 2 - -23?
25
In base 3, what is 1101 - 0?
1101
In base 10, what is 112 - 135?
-23
In base 3, what is 0 + 12210?
12210
In base 12, what is -1208 - 3?
-120b
In base 5, what is 10 - -210?
220
In base 5, what is 4430 + -1?
4424
In base 10, what is 0 + -141?
-141
In base 12, what is 378 + 12?
38a
In base 11, what is -9096 + 2?
-9094
In base 9, what is 14 + 1122?
1136
In base 3, what is -20000 - 10?
-20010
In base 6, what is 3 + -5000?
-4553
In base 6, what is 30 + 4?
34
In base 13, what is 3 + -6?
-3
In base 8, what is 2551 - -1?
2552
In base 13, what is 9c - -2?
a1
In base 4, what is 0 - 320?
-320
In base 10, what is 4 + -203?
-199
In base 14, what is -203 - -3?
-200
In base 13, what is 70 + -2?
6b
In base 6, what is 12 + 1115?
1131
In base 3, what is -121200 + 20?
-121110
In base 9, what is -3 + 0?
-3
In base 11, what is 277 - -a?
286
In base 3, what is 1201 - -11220?
20121
In base 5, what is 0 + -342?
-342
In base 3, what is -1200 + 11?
-1112
In base 16, what is 1 - -1e66?
1e67
In base 4, what is -331 - -2202?
1211
In base 11, what is 1a8 - 0?
1a8
In base 9, what is 142 + 8?
151
In base 13, what is 5 + 53?
58
In base 16, what is -3 - -af?
ac
In base 6, what is -10450 + 3?
-10443
In base 5, what is -4 - 411?
-420
In base 9, what is 5 - -487?
503
In base 15, what is 831 + -1?
830
In base 16, what is 70 + -2?
6e
In base 10, what is -29 - -38?
9
In base 6, what is 11 - 1034?
-1023
In base 12, what is 6 - -2?
8
In base 10, what is 2 + -5679?
-5677
In base 6, what is 4 + 4332?
4340
In base 16, what is 26a + -1?
269
In base 10, what is -218 + -5?
-223
In base 7, what is -1110 + -5?
-1115
In base 2, what is -1011 + -10110?
-100001
In base 16, what is 200 - -5?
205
In base 4, what is -231 + 20?
-211
In base 3, what is 102201020 - 12?
102201001
In base 11, what is -348 + 2?
-346
In base 4, what is 2 + -1031?
-1023
In base 11, what is 4 - -298?
2a1
In base 4, what is -2 + -230002?
-230010
In base 8, what is 4 + -1105?
-1101
In base 10, what is -954 - -2?
-952
In base 7, what is -243 + 60?
-153
In base 14, what is -32 - -74?
42
In base 6, what is -3010 + -51?
-3101
In base 8, what is 14 - -16?
32
In base 16, what is 6aa + f?
6b9
In base 16, what is -8 - -6f6?
6ee
In base 6, what is -205 - 42?
-251
In base 15, what is 12e9 + 0?
12e9
In base 7, what is -43 - -55?
12
In base 14, what is 3 + 2b?
30
In base 5, what is -10441 + -130?
-11121
In base 9, what is 5 - 267?
-262
In base 6, what is 1 - -152?
153
In base 16, what is 8 + -24?
-1c
In base 15, what is 1a + -26?
-b
In base 7, what is -1365 + -2?
-1400
In base 15, what is -3 - 66?
-69
In base 5, what is -1233 - 3?
-1241
In base 14, what is 5 - -37?
3c
In base 2, what is 100 - 11111111?
-11111011
In base 14, what is 2c0 - -18?
2d8
In base 13, what is 6 + 453?
459
In base 8, what is 1 + -173?
-172
In base 15, what is -11 + 18?
7
In base 5, what is 33 - -21043?
21131
In base 7, what is -30 - -2?
-25
In base 12, what is 2 + 744?
746
In base 6, what is 152 + -125?
23
In base 10, what is -4 - 225?
-229
In base 8, what is 21 - 536?
-515
In base 5, what is -101 - -3?
-43
In base 9, what is 2452 + 5?
2457
In base 11, what is 0 - 19?
-19
In base 14, what is 3 + -24?
-21
In base 2, what is 10001101 - 1011001?
110100
In base 16, what is 1 - 16?
-15
In base 10, what is -74 - 0?
-74
In base 8, what is -100 + 1?
-77
In base 12, what is 53 - 1?
52
In base 9, what is 10 + -107?
-87
In base 11, what is 4 - -101?
105
In base 9, what is 1436 + -16?
1420
In base 8, what is -40 + -5?
-45
In base 4, what is -11 + -102203?
-102220
In base 9, what is 14 + 130?
144
In base 15, what is 8 - -5?
d
In base 2, what is 10 + 11010?
11100
In base 11, what is -4 + -58?
-61
In base 7, what is -4 + -234?
-241
In base 12, what is -1 + 27?
26
In base 6, what is 234 - 32?
202
In base 9, what is 4 - 210?
-205
In base 8, what is -1 + 222?
221
In base 8, what is -1345 + -1?
-1346
In base 4, what is -2120 - -1123?
-331
In base 7, what is 2 + -1243?
-1241
In base 8, what is 225 - 17?
206
In base 12, what is 67b + 3?
682
In base 14, what is 3 + -88?
-85
In base 15, what is -2b3 + -7?
-2ba
In base 13, what is -253 - 3?
-256
In base 13, what is 1 + -48?
-47
In base 2, what is -111011011100011 - 1?
-111011011100100
In base 16, what is -6 + -b?
-11
In base 3, what is -121 - -122?
1
In base 14, what is -601 - 2?
-603
In base 16, what is -1 + -11b?
-11c
In base 13, what is 39 + 5?
41
In b